ded by f?
8
Let j(a) = 14*a**2 - 179*a + 7. Calculate the remainder when j(13) is divided by 11.
2
Let o(b) be the third derivative of b**4/12 - 2*b**3 - 26*b**2. Calculate the remainder when 83 is divided by o(13).
13
Suppose -2*f + 346 = 4*u, -2*u + 535 = -12*f + 15*f. Calculate the remainder when f is divided by 46.
43
Suppose 6*d - 61 = d + n, -4*n = 2*d - 42. What is the remainder when 114 is divided by d?
10
Suppose 18*a + 8*a - 1274 = 0. Calculate the remainder when 340 is divided by a.
46
Let n(w) = w**3 - 17*w**2 + 16*w + 16. Let g(c) = c - 3. Let f be g(19). What is the remainder when 18/(2/(-7)*-1) is divided by n(f)?
15
Let w(p) = -2*p**2 - 78*p - 44. What is the remainder when w(-37) is divided by 30?
14
Let n(g) = -293*g**3 - g**2 - 5. Let i(m) = 146*m**3 + 2. Let b(o) = 5*i(o) + 2*n(o). Calculate the remainder when b(1) is divided by 49.
44
Let s = 13 + -4. Suppose -n = -4*n + s. Suppose 0 = -5*v + 2*q + 67, -4*v + 53 = 2*q - n*q. What is the remainder when 25 is divided by v?
12
Let t(n) = -n**3 - 6*n**2 - 5*n + 7. Let z(j) = j**3 - 27*j**2 - 26*j - 36. What is the remainder when z(28) is divided by t(-5)?
6
Let f be -3 + 2 + -1 + 9. Let j(v) = -v + 6. Let x be j(f). What is the remainder when 30 is divided by 11/1 + (-4 - x)?
6
Suppose 3253 + 4139 = 56*d. What is the remainder when d is divided by 100?
32
Suppose -2*f = s - 13, 0*s + 14 = -2*s + 4*f. Suppose 2*l + s*l = -5*t + 55, -2*t + 5*l = -1. Calculate the remainder when (-58)/(-4) + 1/2 is divided by t.
7
Suppose -15 = -i - 3*o, 264*o - 259*o = 3*i - 17. Let m(h) = 3*h. What is the remainder when i is divided by m(2)?
3
What is the remainder when 346/12 - 4/(-24) is divided by 2/9 - (-3)/((-189)/(-616))?
9
Let u be (-5 + 9)/((-4)/(-10)). Let l be 6/15 + 46/u. Suppose 3*o = -5*q + 14 + l, o + q - 7 = 0. What is the remainder when o is divided by 3?
2
Suppose 11*n - 28 = -5*z + 8*n, 7 = z + 2*n. Let s be (0 - -2)*2/4. Calculate the remainder when z is divided by 2 - 1*0/s.
1
Calculate the remainder when 19*((-54)/9)/(-6) is divided by (-12)/(-4)*10/3.
9
What is the remainder when 298 is divided by ((-6)/(-18))/(1/225)?
73
Let f = -21 + 33. What is the remainder when 105 is divided by f?
9
Calculate the remainder when 47 is divided by 9/((-18)/(-40)) + (-8 - 0).
11
Suppose -o + 57 = y, 24 = -3*o + 5*y + 227. Calculate the remainder when o is divided by 22.
17
Let f = -1185 - -1303. What is the remainder when f is divided by 6?
4
Let q be ((-10)/24 + 1/(-4))*-9. Suppose 4*v = q*v - 50. Calculate the remainder when v is divided by 13.
12
Suppose 66*h - 67*h = -2*l + 37, 5*h + 71 = 4*l. Calculate the remainder when 720 is divided by l.
17
Let h be 14/2*(2 + -1). Suppose -2 = -5*c + 23. Suppose 0 = -h*n + c*n + 60. Calculate the remainder when 58 is divided by n.
28
Let z = -183 + 207. What is the remainder when z is divided by 3?
0
Suppose a - 3*a = -40. What is the remainder when (20/15)/(371/(-189) - -2) is divided by a?
16
Let h = 59 + -38. Suppose 37 = 5*j - 133. Let i = j - -48. What is the remainder when i is divided by h?
19
Let o(t) = t**2 + t. Let m(k) = -5*k**2 + k - 3. Let l be (-4 - -6)*2/(-4). Let a(r) = l*m(r) - 4*o(r). Calculate the remainder when 8 is divided by a(5).
2
Let p(q) = 32*q**3 + 36*q**2 - 2*q - 8. Let h(z) = 16*z**3 + 17*z**2 - z - 4. Let u(w) = 13*h(w) - 6*p(w). What is the remainder when u(2) is divided by 13?
12
Suppose -10*p - 2128 + 2468 = 0. What is the remainder when 116 is divided by p?
14
Let s(j) = -2*j**3 + j**2 - 4*j - 4. What is the remainder when s(-2) is divided by 7?
3
What is the remainder when 190 is divided by 43/387 + 530/9?
13
Let d(u) = 3*u**2 - 16*u + 8. Calculate the remainder when d(9) is divided by 59.
48
Suppose -26*x = -23*x - 21. Let c(y) = -y**2 + 17*y - 4. What is the remainder when c(8) is divided by x?
5
What is the remainder when 1/(2/(-4)) - (-70 - 49) is divided by 6?
3
Suppose -25*k = -20*k - 70. Suppose 0*a - a + k = 0. Calculate the remainder when 54 is divided by a.
12
Suppose 11 = -3*m + 17. Suppose m*k - 6*f = -f + 82, -5*k + 5*f = -205. What is the remainder when k is divided by 14?
13
Suppose -w + o + 14 = 11, -5*w + 11 = -3*o. Let m(v) = -v. Calculate the remainder when m(-2) is divided by w.
0
Let j = 9 - 9. Suppose -4*z = 2*n - j*n + 2, 0 = -3*z - 6. Suppose n = -4*o + 63. What is the remainder when o is divided by 8?
7
Let q(i) = 2 - i**2 + 8*i + 0*i**2 + 0 + 1. Calculate the remainder when 48 is divided by q(7).
8
Let y be (-19 - 1)/5 - -32. Suppose 0 = -2*b - 3 + 17. Calculate the remainder when b is divided by (10/(-35))/(-3 - (-80)/y).
1
Let l(u) = -16 + 10 - u**2 + 4*u + 6. Let m be l(4). Suppose 4*o = -m*o + 12. What is the remainder when o is divided by 1?
0
Suppose 2*l = 6 + 2. Suppose 72 = -0*k + l*k. Let c(a) = 3*a**2 + 48*a + 5. What is the remainder when k is divided by c(-16)?
3
Suppose 0*u + 5*u = 30. Suppose 0 = -5*m + m - 4. What is the remainder when m - (u/2 + -41) is divided by 13?
11
Let m(c) = -c**2 - 6*c + 7. Let b be m(-8). Let v(j) = -4*j + 9. Suppose -f + 8 = g, 0 = 2*g + g + 4*f - 20. Calculate the remainder when v(b) is divided by g.
9
Let d(m) = -m**2 - 14*m - 1. Let c be d(-14). Let j be 4 - -23 - (c + 4). Let f = j + -14. What is the remainder when 17 is divided by f?
7
Calculate the remainder when (-690)/2*(-2 + 28/21) is divided by 58.
56
Let c = 54 - 38. Suppose -2*t + c = 5*r + 1, -30 = -2*r + 4*t. What is the remainder when 22 is divided by r?
2
Let h = 136 + 23. What is the remainder when h is divided by 20?
19
Let i = -25 - -39. Suppose 0*t - 4 = -4*t, 37 = o - 4*t. What is the remainder when o is divided by i?
13
Let g be 1/(1/((-15)/(-3))). Suppose 48 = g*a - 52. Suppose -17*h = -526 - 460. Calculate the remainder when h is divided by a.
18
Let w(z) = 18*z + 2. Let j = -1072 - -1096. Calculate the remainder when w(9) is divided by j.
20
Suppose -10*j + 2*j = -4184. Suppose j = 12*b - 1229. What is the remainder when b is divided by 25?
21
Let m = -66 - -122. What is the remainder when m is divided by 22?
12
Let p(r) = r**2 - 5*r + 1. Let g be 1/(((-3)/(-6))/((-6)/(-4))). Calculate the remainder when (-3)/((g/39)/((-4)/12)) is divided by p(6).
6
Let b(w) = -w**3 + 8*w**2 - 4*w + 3. Let m(x) = x**2 - 13*x - 72. Calculate the remainder when b(6) is divided by m(18).
15
Let m = -366 + 762. What is the remainder when m is divided by 40?
36
Let t(r) = 3*r + 9. Let b be t(-2). Suppose 6 = b*c + p, -5*c - 4*p + 3 + 0 = 0. Calculate the remainder when c is divided by 2.
1
Let a = -401 + 420. Calculate the remainder when 63 is divided by a.
6
Suppose 4*a = u - 20 + 3, 5*u = 5*a + 40. Calculate the remainder when 10 is divided by u.
0
Let k = 12 + -10. Let a = 2 - 3. Let r = a + 2. Calculate the remainder when k is divided by r.
0
Suppose 3*x - 48 = -3*j, 0 = -4*j - 3*x + 78 - 9. Let s = 36 - j. What is the remainder when (-4)/(-28) - (-300)/7 is divided by s?
13
What is the remainder when 42 is divided by 174/10 + 86/(-215)?
8
Suppose 3*r - 4*t - 26 = 0, -t - 7 = -r + 3. Let x(p) = 12*p**2 - 2*p. Let k be x(2). What is the remainder when r is divided by k/10 - (-4)/(-10)?
2
What is the remainder when (-1)/(-2)*-1*1656/(-12) is divided by 21?
6
Suppose 2*f - 74 = 8*r - 6*r, -213 = -5*f - 2*r. Let y = f - 26. What is the remainder when 40 is divided by y?
10
Suppose 5*u - 25 = -0*u. Suppose -25 = -5*h, 3*c - 138 = -4*h + u. What is the remainder when c is divided by 11?
8
Let p = -1 + 35. Suppose -q + 2*g = -6*q + p, -3*q + 15 = 3*g. What is the remainder when 30 is divided by q?
6
Let i(z) = -z**3 + 3*z**2 + z. Let x be i(-1). Suppose -x*c + 6*c = 24. Calculate the remainder when 93 is divided by c.
5
Let d = -505 - -552. Calculate the remainder when 130 is divided by d.
36
Suppose 0 = 2*b - 1 - 3. Calculate the remainder when 26 is divided by 16/b + 0 + 1.
8
Let c = 380 - 264. Calculate the remainder when c is divided by 25.
16
Let d be 4/((-4)/(-3)) + 9. Let r be (3*32/d)/1. Calculate the remainder when (2 - r)*(-3)/2 is divided by 4.
1
Suppose 2*v - 10*i + 7*i - 200 = 0, -7*v = 5*i - 731. Calculate the remainder when v is divided by 24.
7
Let z = 8 + 19. Let v = z + -1. What is the remainder when v is divided by 9?
8
Let a = -16 + 14. What is the remainder when 38 is